{"id":70,"date":"2016-09-11T12:08:57","date_gmt":"2016-09-11T12:08:57","guid":{"rendered":"http:\/\/www.tenutalaviola.it\/?page_id=70"},"modified":"2022-01-25T22:24:22","modified_gmt":"2022-01-25T20:24:22","slug":"famiglia-biologico-vigneti-cantina","status":"publish","type":"page","link":"https:\/\/www.tenutalaviola.it\/index.php\/it\/famiglia-biologico-vigneti-cantina\/","title":{"rendered":"La famiglia"},"content":{"rendered":"\n<p>La famiglia <strong>Gabellini<\/strong>, proprietaria della azienda, si trasferisce a Bertinoro dall\u2019entroterra romagnolo e nel <strong>1962<\/strong> acquista la terra con i vigneti di <strong>Sangiovese<\/strong> e di <strong>Albana<\/strong> all\u2019epoca coltivati ad alberello.<\/p>\n\n\n\n<p><strong>Il vino<\/strong> era una parte importante della tradizione contadina, e servirlo in tavola significava condividere con gli ospiti l\u2019amore e l\u2019orgoglio per il frutto del lavoro della terra; gi\u00e0 allora non era considerato solo un alimento, quanto un <strong>punto di<\/strong> <strong>unione tra le persone<\/strong>, un\u2019occasione per stare bene insieme.<\/p>\n\n\n\n<p>Il vino \u00e8 per noi <strong>tradizione e passione<\/strong> che ci lega indissolubilmente alla nostra terra. Crediamo profondamente che la storia, l\u2019esperienza, la dedizione e la professionalit\u00e0 delle persone che la lavorano confluiscano nella qualit\u00e0 e nel carattere dei vini da essa ottenuti, rendendoli unici.<\/p>\n\n\n\n<h2 class=\"wp-block-heading\"><strong>Agricoltura biologica<\/strong><\/h2>\n\n\n\n<p>Crediamo da sempre nell\u2019<strong>agricoltura biologica<\/strong>, che pratichiamo in maniera <strong>certificata fin dal 1999<\/strong>. Per questo non usiamo insetticidi chimici nelle coltivazioni, preservando la salute delle persone e delle viti stesse, permettendo ad ogni vigneto di mantenere il naturale equilibrio, i suoi profumi integri, i colori accesi e l\u2019avvolgente atmosfera di armonia.<\/p>\n\n\n\n<p><strong>Dal 2018<\/strong> abbiamo iniziato le pratiche dell\u2019<strong>agricoltura biodinamica <\/strong>per stimolare l\u2019attivit\u00e0\u0300 del suolo facilitando i processi vitali nella gestione dei nostri vigneti. La concimazione, la coltivazione e l\u2019allevamento sono attuati con modalit\u00e0 che rispettano e promuovono la fertilit\u00e0 e la vitalit\u00e0 del terreno e allo stesso tempo le qualit\u00e0 tipiche delle specie vegetali e animali. <strong>L\u2019inerbimento del terreno \u00e8 alternato alla pratica del sovescio<\/strong>, il cotico erboso viene sfalciato meccanicamente e<strong> non si pratica nessun diserbo chimico.<\/strong><\/p>\n\n\n\n<h2 class=\"wp-block-heading\">Vigneti<\/h2>\n\n\n\n<p>Le lavorazioni di allevamento dei vigneti e la raccolta dell\u2019uva sono operazioni che vengono tutte effettuate manualmente. Non usiamo il tavolo di cernita ma <strong>la selezione dell\u2019uva viene fatta a mano direttamente in vigna<\/strong> durante la raccolta.<\/p>\n\n\n\n<p>Attualmente l\u2019estensione dei nostri vigneti \u00e8 di circa <strong>12 ettari di vigneto<\/strong>, 10 di propriet\u00e0 e 2 in affitto, con una produzione media annua di 50.000 bottiglie. <\/p>\n\n\n\n<div class=\"wp-block-image\"><figure class=\"aligncenter size-large\"><img fetchpriority=\"high\" decoding=\"async\" width=\"1024\" height=\"683\" data-attachment-id=\"1078\" data-permalink=\"https:\/\/www.tenutalaviola.it\/index.php\/it\/famiglia-biologico-vigneti-cantina\/stefano-1\/\" data-orig-file=\"https:\/\/www.tenutalaviola.it\/wp-content\/uploads\/2021\/01\/Stefano-1-scaled.jpg\" data-orig-size=\"2560,1707\" data-comments-opened=\"1\" data-image-meta=\"{&quot;aperture&quot;:&quot;0&quot;,&quot;credit&quot;:&quot;&quot;,&quot;camera&quot;:&quot;&quot;,&quot;caption&quot;:&quot;&quot;,&quot;created_timestamp&quot;:&quot;1562866385&quot;,&quot;copyright&quot;:&quot;&quot;,&quot;focal_length&quot;:&quot;0&quot;,&quot;iso&quot;:&quot;0&quot;,&quot;shutter_speed&quot;:&quot;0&quot;,&quot;title&quot;:&quot;&quot;,&quot;orientation&quot;:&quot;0&quot;}\" data-image-title=\"Stefano\" data-image-description=\"\" data-image-caption=\"\" data-medium-file=\"https:\/\/www.tenutalaviola.it\/wp-content\/uploads\/2021\/01\/Stefano-1-300x200.jpg\" data-large-file=\"https:\/\/www.tenutalaviola.it\/wp-content\/uploads\/2021\/01\/Stefano-1-1024x683.jpg\" src=\"https:\/\/www.tenutalaviola.it\/wp-content\/uploads\/2021\/01\/Stefano-1-1024x683.jpg\" alt=\"\" class=\"wp-image-1078\" srcset=\"https:\/\/www.tenutalaviola.it\/wp-content\/uploads\/2021\/01\/Stefano-1-1024x683.jpg 1024w, https:\/\/www.tenutalaviola.it\/wp-content\/uploads\/2021\/01\/Stefano-1-300x200.jpg 300w, https:\/\/www.tenutalaviola.it\/wp-content\/uploads\/2021\/01\/Stefano-1-768x512.jpg 768w, https:\/\/www.tenutalaviola.it\/wp-content\/uploads\/2021\/01\/Stefano-1-1536x1024.jpg 1536w, https:\/\/www.tenutalaviola.it\/wp-content\/uploads\/2021\/01\/Stefano-1-2048x1365.jpg 2048w\" sizes=\"(max-width: 1024px) 100vw, 1024px\" \/><\/figure><\/div>\n\n\n\n<blockquote class=\"wp-block-quote is-layout-flow wp-block-quote-is-layout-flow\"><p><em>Passeggiando tra i nostri vigneti, si respira una atmosfera senza tempo, <\/em><em>da cui si coglie la profonda devozione di una famiglia intera verso la propria terra.<\/em><\/p><p style=\"text-align: right;\"><em>Stefano Gabellini<\/em><\/p><\/blockquote>\n\n\n\n<h2 class=\"wp-block-heading\">Cantina<\/h2>\n\n\n\n<p>In cantina prediligiamo le <strong>fermentazioni spontanee<\/strong> con lieviti indigeni che meglio interpretano l\u2019annata e il territorio, <strong>l\u2019affinamento avviene sulle fecce fini, <\/strong>utilizziamo legni grandi e botti di cemento e tutte quelle pratiche per permettono di ottenere <strong>in modo naturale<\/strong> vini di carattere, vini che hanno con un\u2019anima. In azienda non mancano sperimentazioni con pratiche antiche come quella della vinificazione in anfora che ci ha regalato vini eccezionali.<\/p>\n\n\n\n<p>Per noi la <strong>sostenibilit\u00e0<\/strong> \u00e8 un valore prezioso per cui lavoriamo per preservare le risorse naturali per le generazioni future e ricercare i migliori metodi per ottenere il minor impatto possibile sull\u2019ambiente. Anche per questo le <strong>bottiglie<\/strong> che utilizziamo per i nostri vini sono <strong>solo quelle leggere <\/strong>perch\u00e9 in questo modo riduciamo la CO2 immessa nell\u2019ambiente.<\/p>\n\n\n\n<h2 class=\"wp-block-heading\">FIVI<\/h2>\n\n\n\n<div class=\"wp-block-image\"><figure class=\"aligncenter size-large is-resized\"><a href=\"https:\/\/www.fivi.it\/\"><img decoding=\"async\" data-attachment-id=\"1541\" data-permalink=\"https:\/\/www.tenutalaviola.it\/bollino-fivi\/\" data-orig-file=\"https:\/\/www.tenutalaviola.it\/wp-content\/uploads\/2022\/01\/Bollino-fivi.jpg\" data-orig-size=\"416,567\" data-comments-opened=\"1\" data-image-meta=\"{&quot;aperture&quot;:&quot;0&quot;,&quot;credit&quot;:&quot;&quot;,&quot;camera&quot;:&quot;&quot;,&quot;caption&quot;:&quot;&quot;,&quot;created_timestamp&quot;:&quot;0&quot;,&quot;copyright&quot;:&quot;&quot;,&quot;focal_length&quot;:&quot;0&quot;,&quot;iso&quot;:&quot;0&quot;,&quot;shutter_speed&quot;:&quot;0&quot;,&quot;title&quot;:&quot;&quot;,&quot;orientation&quot;:&quot;0&quot;}\" data-image-title=\"Bollino fivi\" data-image-description=\"\" data-image-caption=\"\" data-medium-file=\"https:\/\/www.tenutalaviola.it\/wp-content\/uploads\/2022\/01\/Bollino-fivi-220x300.jpg\" data-large-file=\"https:\/\/www.tenutalaviola.it\/wp-content\/uploads\/2022\/01\/Bollino-fivi.jpg\" src=\"https:\/\/www.tenutalaviola.it\/wp-content\/uploads\/2022\/01\/Bollino-fivi.jpg\" alt=\"\" class=\"wp-image-1541\" width=\"120\" height=\"164\" srcset=\"https:\/\/www.tenutalaviola.it\/wp-content\/uploads\/2022\/01\/Bollino-fivi.jpg 416w, https:\/\/www.tenutalaviola.it\/wp-content\/uploads\/2022\/01\/Bollino-fivi-220x300.jpg 220w\" sizes=\"(max-width: 120px) 100vw, 120px\" \/><\/a><\/figure><\/div>\n\n\n\n<p><strong>Siamo membri della <a href=\"https:\/\/www.fivi.it\/\" target=\"_blank\" rel=\"noreferrer noopener\">FIVI<\/a><\/strong> associazione che raggruppa viticoltori che coltivano le proprie vigne, imbottigliano il proprio vino, curando personalmente il proprio prodotto. I vignaioli FIVI rinunciano all\u2019acquisto dell\u2019uva o del vino a fini commerciali. Comprano uva soltanto per estreme esigenze di vinificazione. Il vignaiolo FIVI rispetta le norme enologiche della professione, limitando l\u2019uso di additivi inutili e costosi, concentrando la sua attenzione sulla produzione di uve sane che non hanno bisogno del maquillage di cantina.<\/p>\n","protected":false},"excerpt":{"rendered":"<p>La famiglia Gabellini, proprietaria della azienda, si trasferisce a Bertinoro dall\u2019entroterra romagnolo e nel 1962 acquista la terra con i vigneti di Sangiovese e di Albana all\u2019epoca coltivati ad alberello. Il vino era una parte importante della tradizione contadina, e servirlo in tavola significava condividere con gli ospiti l\u2019amore e l\u2019orgoglio per il frutto del lavoro della terra; gi\u00e0 allora non era considerato solo un alimento, quanto un punto di &hellip; <\/p>\n","protected":false},"author":1,"featured_media":188,"parent":0,"menu_order":0,"comment_status":"closed","ping_status":"closed","template":"page-templates\/grid-page.php","meta":{"jetpack_post_was_ever_published":false,"footnotes":""},"class_list":["post-70","page","type-page","status-publish","has-post-thumbnail","hentry"],"yoast_head":"<!-- This site is optimized with the Yoast SEO plugin v26.6 - https:\/\/yoast.com\/wordpress\/plugins\/seo\/ -->\r\n<title>La famiglia - Tenuta La Viola<\/title>\r\n<meta name=\"description\" content=\"La famiglia Gabellini si trasferisce a Bertinoro dall&#039;entroterra romagnolo e nel 1962 acquista la terra con i vigneti di Sangiovese e di Albana all\u2019epoca coltivati ad alberello.\" \/>\r\n<meta name=\"robots\" content=\"index, follow, max-snippet:-1, max-image-preview:large, max-video-preview:-1\" \/>\r\n<link rel=\"canonical\" href=\"https:\/\/www.tenutalaviola.it\/index.php\/it\/famiglia-biologico-vigneti-cantina\/\" \/>\r\n<meta property=\"og:locale\" content=\"it_IT\" \/>\r\n<meta property=\"og:type\" content=\"article\" \/>\r\n<meta property=\"og:title\" content=\"La famiglia - Tenuta La Viola\" \/>\r\n<meta property=\"og:description\" content=\"La famiglia Gabellini si trasferisce a Bertinoro dall&#039;entroterra romagnolo e nel 1962 acquista la terra con i vigneti di Sangiovese e di Albana all\u2019epoca coltivati ad alberello.\" \/>\r\n<meta property=\"og:url\" content=\"https:\/\/www.tenutalaviola.it\/index.php\/it\/famiglia-biologico-vigneti-cantina\/\" \/>\r\n<meta property=\"og:site_name\" content=\"Tenuta La Viola\" \/>\r\n<meta property=\"article:publisher\" content=\"https:\/\/www.facebook.com\/tenutalaviola\/\" \/>\r\n<meta property=\"article:modified_time\" content=\"2022-01-25T20:24:22+00:00\" \/>\r\n<meta property=\"og:image\" content=\"https:\/\/www.tenutalaviola.it\/wp-content\/uploads\/2016\/09\/nando-1.jpg\" \/>\r\n\t<meta property=\"og:image:width\" content=\"1920\" \/>\r\n\t<meta property=\"og:image:height\" content=\"955\" \/>\r\n\t<meta property=\"og:image:type\" content=\"image\/jpeg\" \/>\r\n<meta name=\"twitter:card\" content=\"summary_large_image\" \/>\r\n<meta name=\"twitter:site\" content=\"@tenutalaviola\" \/>\r\n<meta name=\"twitter:label1\" content=\"Tempo di lettura stimato\" \/>\n\t<meta name=\"twitter:data1\" content=\"4 minuti\" \/>\r\n<script type=\"application\/ld+json\" class=\"yoast-schema-graph\">{\"@context\":\"https:\/\/schema.org\",\"@graph\":[{\"@type\":\"WebPage\",\"@id\":\"https:\/\/www.tenutalaviola.it\/index.php\/it\/famiglia-biologico-vigneti-cantina\/\",\"url\":\"https:\/\/www.tenutalaviola.it\/index.php\/it\/famiglia-biologico-vigneti-cantina\/\",\"name\":\"La famiglia - Tenuta La Viola\",\"isPartOf\":{\"@id\":\"https:\/\/www.tenutalaviola.it\/#website\"},\"primaryImageOfPage\":{\"@id\":\"https:\/\/www.tenutalaviola.it\/index.php\/it\/famiglia-biologico-vigneti-cantina\/#primaryimage\"},\"image\":{\"@id\":\"https:\/\/www.tenutalaviola.it\/index.php\/it\/famiglia-biologico-vigneti-cantina\/#primaryimage\"},\"thumbnailUrl\":\"https:\/\/www.tenutalaviola.it\/wp-content\/uploads\/2016\/09\/nando-1.jpg\",\"datePublished\":\"2016-09-11T12:08:57+00:00\",\"dateModified\":\"2022-01-25T20:24:22+00:00\",\"description\":\"La famiglia Gabellini si trasferisce a Bertinoro dall'entroterra romagnolo e nel 1962 acquista la terra con i vigneti di Sangiovese e di Albana all\u2019epoca coltivati ad alberello.\",\"breadcrumb\":{\"@id\":\"https:\/\/www.tenutalaviola.it\/index.php\/it\/famiglia-biologico-vigneti-cantina\/#breadcrumb\"},\"inLanguage\":\"it-IT\",\"potentialAction\":[{\"@type\":\"ReadAction\",\"target\":[\"https:\/\/www.tenutalaviola.it\/index.php\/it\/famiglia-biologico-vigneti-cantina\/\"]}]},{\"@type\":\"ImageObject\",\"inLanguage\":\"it-IT\",\"@id\":\"https:\/\/www.tenutalaviola.it\/index.php\/it\/famiglia-biologico-vigneti-cantina\/#primaryimage\",\"url\":\"https:\/\/www.tenutalaviola.it\/wp-content\/uploads\/2016\/09\/nando-1.jpg\",\"contentUrl\":\"https:\/\/www.tenutalaviola.it\/wp-content\/uploads\/2016\/09\/nando-1.jpg\",\"width\":1920,\"height\":955},{\"@type\":\"BreadcrumbList\",\"@id\":\"https:\/\/www.tenutalaviola.it\/index.php\/it\/famiglia-biologico-vigneti-cantina\/#breadcrumb\",\"itemListElement\":[{\"@type\":\"ListItem\",\"position\":1,\"name\":\"Home\",\"item\":\"https:\/\/www.tenutalaviola.it\/index.php\/en\/home-2\/\"},{\"@type\":\"ListItem\",\"position\":2,\"name\":\"La famiglia\"}]},{\"@type\":\"WebSite\",\"@id\":\"https:\/\/www.tenutalaviola.it\/#website\",\"url\":\"https:\/\/www.tenutalaviola.it\/\",\"name\":\"Tenuta La Viola\",\"description\":\"The Italian Sangiovese wine producer\",\"publisher\":{\"@id\":\"https:\/\/www.tenutalaviola.it\/#organization\"},\"potentialAction\":[{\"@type\":\"SearchAction\",\"target\":{\"@type\":\"EntryPoint\",\"urlTemplate\":\"https:\/\/www.tenutalaviola.it\/?s={search_term_string}\"},\"query-input\":{\"@type\":\"PropertyValueSpecification\",\"valueRequired\":true,\"valueName\":\"search_term_string\"}}],\"inLanguage\":\"it-IT\"},{\"@type\":\"Organization\",\"@id\":\"https:\/\/www.tenutalaviola.it\/#organization\",\"name\":\"Tenuta La Viola\",\"url\":\"https:\/\/www.tenutalaviola.it\/\",\"logo\":{\"@type\":\"ImageObject\",\"inLanguage\":\"it-IT\",\"@id\":\"https:\/\/www.tenutalaviola.it\/#\/schema\/logo\/image\/\",\"url\":\"https:\/\/www.tenutalaviola.it\/wp-content\/uploads\/2016\/09\/siteicon.jpg\",\"contentUrl\":\"https:\/\/www.tenutalaviola.it\/wp-content\/uploads\/2016\/09\/siteicon.jpg\",\"width\":512,\"height\":512,\"caption\":\"Tenuta La Viola\"},\"image\":{\"@id\":\"https:\/\/www.tenutalaviola.it\/#\/schema\/logo\/image\/\"},\"sameAs\":[\"https:\/\/www.facebook.com\/tenutalaviola\/\",\"https:\/\/x.com\/tenutalaviola\",\"https:\/\/www.instagram.com\/tenutalaviola\/\"]}]}<\/script>\r\n<!-- \/ Yoast SEO plugin. -->","yoast_head_json":{"title":"La famiglia - Tenuta La Viola","description":"La famiglia Gabellini si trasferisce a Bertinoro dall'entroterra romagnolo e nel 1962 acquista la terra con i vigneti di Sangiovese e di Albana all\u2019epoca coltivati ad alberello.","robots":{"index":"index","follow":"follow","max-snippet":"max-snippet:-1","max-image-preview":"max-image-preview:large","max-video-preview":"max-video-preview:-1"},"canonical":"https:\/\/www.tenutalaviola.it\/index.php\/it\/famiglia-biologico-vigneti-cantina\/","og_locale":"it_IT","og_type":"article","og_title":"La famiglia - Tenuta La Viola","og_description":"La famiglia Gabellini si trasferisce a Bertinoro dall'entroterra romagnolo e nel 1962 acquista la terra con i vigneti di Sangiovese e di Albana all\u2019epoca coltivati ad alberello.","og_url":"https:\/\/www.tenutalaviola.it\/index.php\/it\/famiglia-biologico-vigneti-cantina\/","og_site_name":"Tenuta La Viola","article_publisher":"https:\/\/www.facebook.com\/tenutalaviola\/","article_modified_time":"2022-01-25T20:24:22+00:00","og_image":[{"width":1920,"height":955,"url":"https:\/\/www.tenutalaviola.it\/wp-content\/uploads\/2016\/09\/nando-1.jpg","type":"image\/jpeg"}],"twitter_card":"summary_large_image","twitter_site":"@tenutalaviola","twitter_misc":{"Tempo di lettura stimato":"4 minuti"},"schema":{"@context":"https:\/\/schema.org","@graph":[{"@type":"WebPage","@id":"https:\/\/www.tenutalaviola.it\/index.php\/it\/famiglia-biologico-vigneti-cantina\/","url":"https:\/\/www.tenutalaviola.it\/index.php\/it\/famiglia-biologico-vigneti-cantina\/","name":"La famiglia - Tenuta La Viola","isPartOf":{"@id":"https:\/\/www.tenutalaviola.it\/#website"},"primaryImageOfPage":{"@id":"https:\/\/www.tenutalaviola.it\/index.php\/it\/famiglia-biologico-vigneti-cantina\/#primaryimage"},"image":{"@id":"https:\/\/www.tenutalaviola.it\/index.php\/it\/famiglia-biologico-vigneti-cantina\/#primaryimage"},"thumbnailUrl":"https:\/\/www.tenutalaviola.it\/wp-content\/uploads\/2016\/09\/nando-1.jpg","datePublished":"2016-09-11T12:08:57+00:00","dateModified":"2022-01-25T20:24:22+00:00","description":"La famiglia Gabellini si trasferisce a Bertinoro dall'entroterra romagnolo e nel 1962 acquista la terra con i vigneti di Sangiovese e di Albana all\u2019epoca coltivati ad alberello.","breadcrumb":{"@id":"https:\/\/www.tenutalaviola.it\/index.php\/it\/famiglia-biologico-vigneti-cantina\/#breadcrumb"},"inLanguage":"it-IT","potentialAction":[{"@type":"ReadAction","target":["https:\/\/www.tenutalaviola.it\/index.php\/it\/famiglia-biologico-vigneti-cantina\/"]}]},{"@type":"ImageObject","inLanguage":"it-IT","@id":"https:\/\/www.tenutalaviola.it\/index.php\/it\/famiglia-biologico-vigneti-cantina\/#primaryimage","url":"https:\/\/www.tenutalaviola.it\/wp-content\/uploads\/2016\/09\/nando-1.jpg","contentUrl":"https:\/\/www.tenutalaviola.it\/wp-content\/uploads\/2016\/09\/nando-1.jpg","width":1920,"height":955},{"@type":"BreadcrumbList","@id":"https:\/\/www.tenutalaviola.it\/index.php\/it\/famiglia-biologico-vigneti-cantina\/#breadcrumb","itemListElement":[{"@type":"ListItem","position":1,"name":"Home","item":"https:\/\/www.tenutalaviola.it\/index.php\/en\/home-2\/"},{"@type":"ListItem","position":2,"name":"La famiglia"}]},{"@type":"WebSite","@id":"https:\/\/www.tenutalaviola.it\/#website","url":"https:\/\/www.tenutalaviola.it\/","name":"Tenuta La Viola","description":"The Italian Sangiovese wine producer","publisher":{"@id":"https:\/\/www.tenutalaviola.it\/#organization"},"potentialAction":[{"@type":"SearchAction","target":{"@type":"EntryPoint","urlTemplate":"https:\/\/www.tenutalaviola.it\/?s={search_term_string}"},"query-input":{"@type":"PropertyValueSpecification","valueRequired":true,"valueName":"search_term_string"}}],"inLanguage":"it-IT"},{"@type":"Organization","@id":"https:\/\/www.tenutalaviola.it\/#organization","name":"Tenuta La Viola","url":"https:\/\/www.tenutalaviola.it\/","logo":{"@type":"ImageObject","inLanguage":"it-IT","@id":"https:\/\/www.tenutalaviola.it\/#\/schema\/logo\/image\/","url":"https:\/\/www.tenutalaviola.it\/wp-content\/uploads\/2016\/09\/siteicon.jpg","contentUrl":"https:\/\/www.tenutalaviola.it\/wp-content\/uploads\/2016\/09\/siteicon.jpg","width":512,"height":512,"caption":"Tenuta La Viola"},"image":{"@id":"https:\/\/www.tenutalaviola.it\/#\/schema\/logo\/image\/"},"sameAs":["https:\/\/www.facebook.com\/tenutalaviola\/","https:\/\/x.com\/tenutalaviola","https:\/\/www.instagram.com\/tenutalaviola\/"]}]}},"jetpack_sharing_enabled":true,"jetpack_shortlink":"https:\/\/wp.me\/P7T4su-18","_links":{"self":[{"href":"https:\/\/www.tenutalaviola.it\/index.php\/wp-json\/wp\/v2\/pages\/70","targetHints":{"allow":["GET"]}}],"collection":[{"href":"https:\/\/www.tenutalaviola.it\/index.php\/wp-json\/wp\/v2\/pages"}],"about":[{"href":"https:\/\/www.tenutalaviola.it\/index.php\/wp-json\/wp\/v2\/types\/page"}],"author":[{"embeddable":true,"href":"https:\/\/www.tenutalaviola.it\/index.php\/wp-json\/wp\/v2\/users\/1"}],"replies":[{"embeddable":true,"href":"https:\/\/www.tenutalaviola.it\/index.php\/wp-json\/wp\/v2\/comments?post=70"}],"version-history":[{"count":29,"href":"https:\/\/www.tenutalaviola.it\/index.php\/wp-json\/wp\/v2\/pages\/70\/revisions"}],"predecessor-version":[{"id":1545,"href":"https:\/\/www.tenutalaviola.it\/index.php\/wp-json\/wp\/v2\/pages\/70\/revisions\/1545"}],"wp:featuredmedia":[{"embeddable":true,"href":"https:\/\/www.tenutalaviola.it\/index.php\/wp-json\/wp\/v2\/media\/188"}],"wp:attachment":[{"href":"https:\/\/www.tenutalaviola.it\/index.php\/wp-json\/wp\/v2\/media?parent=70"}],"curies":[{"name":"wp","href":"https:\/\/api.w.org\/{rel}","templated":true}]}}