{"id":10,"date":"2020-04-09T20:51:40","date_gmt":"2020-04-09T20:51:40","guid":{"rendered":"https:\/\/www.tenutalaviola.it\/wineshop\/?post_type=product&#038;p=10"},"modified":"2026-03-25T22:15:43","modified_gmt":"2026-03-25T21:15:43","slug":"frangipane-x-6","status":"publish","type":"product","link":"https:\/\/www.tenutalaviola.it\/wineshop\/index.php\/product\/frangipane-x-6\/","title":{"rendered":"Frangipane x 6"},"content":{"rendered":"<p>ROMAGNA ALBANA SECCO DENOMINAZIONE DI ORIGINE CONTROLLATA E GARANTITA <em>Questo vino \u00e8 per noi un ritorno al passato quando l\u2019Albana era il principale vitigno vinificato in azienda.\u00a0 Il nome Frangipane si riferisce alla omonima Contessa di Bertinoro Aldruda Frangipane di cui si ricorda la sua eroica partecipazione alla difesa di Ancona assediata dalle truppe imperiali germaniche.<\/em><\/p>\r\n\r\n<p><\/p>\r\n<p><strong>Denominazione:<\/strong> Romagna Albana Secco DOCG<\/p>\r\n<p>\r\n\r\n<\/p>\r\n<p><strong>Vigneto:<\/strong> le uve provengono da una vigna di propriet\u00e0 in localit\u00e0 San Martino<\/p>\r\n<p>\r\n\r\n<\/p>\r\n<p><strong>Allevamento<\/strong>: 4.500 piante per ettaro allevate con sistema a duplex e 5.000 piante per ettaro allevate a guyot<\/p>\r\n<p>\r\n\r\n<\/p>\r\n<p><strong>Vitigni:<\/strong> Albana in purezza<\/p>\r\n<p>\r\n\r\n<\/p>\r\n<p><strong>Altimetria:<\/strong> 100-200 metri<\/p>\r\n<p>\r\n\r\n<\/p>\r\n<p><strong>Raccolta delle uve:<\/strong> primi di Settembre a mano e cernita in campo<\/p>\r\n<p>\r\n\r\n<\/p>\r\n<p><strong>Vinificazione:<\/strong> fermentazione alcolica con lieviti indigeni a temperatura controllata<\/p>\r\n<p>\r\n\r\n<\/p>\r\n<p><strong>Evoluzione:<\/strong> sulle sue fecce fini per 4\/5 mesi<\/p>\r\n<p>\r\n\r\n<\/p>\r\n<p><strong>Affinamento:<\/strong> in vetro per almeno 1 mese<\/p>\r\n<p>\r\n\r\n<\/p>\r\n<p><strong>Produzione media:<\/strong>\u00a0 6.000 bottiglie<\/p>\r\n<p>\r\n\r\n<\/p>\r\n<p><strong>Caratteristiche organolettiche:<\/strong> Frangipane \u00e8 un vino cui la freschezza e la sapidit\u00e0 ne caratterizzano il gusto. Il colore \u00e8 tenue segno di una vinificazione di uve all&#8217;inizio della maturazione.\u00a0 In bocca prevale l\u2019acidit\u00e0 e sapidit\u00e0 che gli conferiscono una piacevole bevibilit\u00e0.<\/p>\r\n<p><a href=\"https:\/\/www.tenutalaviola.it\/qr\/f25.html\">Link a etichetta nutrizionale<\/a> Frangipane 2025<\/p>\r\n","protected":false},"excerpt":{"rendered":"<p>Romagna Albana Secco DOCG <img loading=\"lazy\" decoding=\"async\" class=\"alignnone size-full wp-image-322\" src=\"https:\/\/www.tenutalaviola.it\/wineshop\/wp-content\/uploads\/2020\/04\/guide2021-A4-1-scaled.jpg\" alt=\"\" width=\"1810\" height=\"2560\" srcset=\"https:\/\/www.tenutalaviola.it\/wineshop\/wp-content\/uploads\/2020\/04\/guide2021-A4-1-scaled.jpg 1810w, https:\/\/www.tenutalaviola.it\/wineshop\/wp-content\/uploads\/2020\/04\/guide2021-A4-1-212x300.jpg 212w, https:\/\/www.tenutalaviola.it\/wineshop\/wp-content\/uploads\/2020\/04\/guide2021-A4-1-724x1024.jpg 724w, https:\/\/www.tenutalaviola.it\/wineshop\/wp-content\/uploads\/2020\/04\/guide2021-A4-1-768x1086.jpg 768w, https:\/\/www.tenutalaviola.it\/wineshop\/wp-content\/uploads\/2020\/04\/guide2021-A4-1-1086x1536.jpg 1086w, https:\/\/www.tenutalaviola.it\/wineshop\/wp-content\/uploads\/2020\/04\/guide2021-A4-1-1448x2048.jpg 1448w, https:\/\/www.tenutalaviola.it\/wineshop\/wp-content\/uploads\/2020\/04\/guide2021-A4-1-600x849.jpg 600w\" sizes=\"auto, (max-width: 1810px) 100vw, 1810px\" \/><\/p>\n","protected":false},"featured_media":76,"comment_status":"open","ping_status":"closed","template":"","meta":{"_exactmetrics_skip_tracking":false,"_exactmetrics_sitenote_active":false,"_exactmetrics_sitenote_note":"","_exactmetrics_sitenote_category":0},"product_brand":[],"product_cat":[23],"product_tag":[],"class_list":{"0":"post-10","1":"product","2":"type-product","3":"status-publish","4":"has-post-thumbnail","6":"product_cat-albana","8":"first","9":"instock","10":"shipping-taxable","11":"purchasable","12":"product-type-simple"},"yoast_head":"<!-- This site is optimized with the Yoast SEO plugin v26.6 - https:\/\/yoast.com\/wordpress\/plugins\/seo\/ -->\r\n<title>Frangipane x 6 - Tenuta La Viola<\/title>\r\n<meta name=\"description\" content=\"Questo vino \u00e8 per noi un ritorno al passato quando l\u2019Albana era il principale vitigno vinificato in azienda.\u00a0 Il nome Frangipane si riferisce alla omonima Contessa di Bertinoro Aldruda Frangipane di cui si ricorda la sua eroica partecipazione alla difesa di Ancona assediata dalle truppe imperiali germaniche.\" \/>\r\n<meta name=\"robots\" content=\"index, follow, max-snippet:-1, max-image-preview:large, max-video-preview:-1\" \/>\r\n<link rel=\"canonical\" href=\"https:\/\/www.tenutalaviola.it\/wineshop\/index.php\/product\/frangipane-x-6\/\" \/>\r\n<meta property=\"og:locale\" content=\"it_IT\" \/>\r\n<meta property=\"og:type\" content=\"article\" \/>\r\n<meta property=\"og:title\" content=\"Frangipane x 6 - Tenuta La Viola\" \/>\r\n<meta property=\"og:description\" content=\"Questo vino \u00e8 per noi un ritorno al passato quando l\u2019Albana era il principale vitigno vinificato in azienda.\u00a0 Il nome Frangipane si riferisce alla omonima Contessa di Bertinoro Aldruda Frangipane di cui si ricorda la sua eroica partecipazione alla difesa di Ancona assediata dalle truppe imperiali germaniche.\" \/>\r\n<meta property=\"og:url\" content=\"https:\/\/www.tenutalaviola.it\/wineshop\/index.php\/product\/frangipane-x-6\/\" \/>\r\n<meta property=\"og:site_name\" content=\"Tenuta La Viola\" \/>\r\n<meta property=\"article:publisher\" content=\"https:\/\/www.facebook.com\/tenutalaviola\/\" \/>\r\n<meta property=\"article:modified_time\" content=\"2026-03-25T21:15:43+00:00\" \/>\r\n<meta property=\"og:image\" content=\"https:\/\/www.tenutalaviola.it\/wineshop\/wp-content\/uploads\/2020\/04\/Frangipane450x450.jpg\" \/>\r\n\t<meta property=\"og:image:width\" content=\"1176\" \/>\r\n\t<meta property=\"og:image:height\" content=\"1414\" \/>\r\n\t<meta property=\"og:image:type\" content=\"image\/jpeg\" \/>\r\n<meta name=\"twitter:card\" content=\"summary_large_image\" \/>\r\n<meta name=\"twitter:site\" content=\"@tenutalaviola\" \/>\r\n<meta name=\"twitter:label1\" content=\"Tempo di lettura stimato\" \/>\n\t<meta name=\"twitter:data1\" content=\"2 minuti\" \/>\r\n<script type=\"application\/ld+json\" class=\"yoast-schema-graph\">{\"@context\":\"https:\/\/schema.org\",\"@graph\":[{\"@type\":\"WebPage\",\"@id\":\"https:\/\/www.tenutalaviola.it\/wineshop\/index.php\/product\/frangipane-x-6\/\",\"url\":\"https:\/\/www.tenutalaviola.it\/wineshop\/index.php\/product\/frangipane-x-6\/\",\"name\":\"Frangipane x 6 - Tenuta La Viola\",\"isPartOf\":{\"@id\":\"https:\/\/www.tenutalaviola.it\/wineshop\/#website\"},\"primaryImageOfPage\":{\"@id\":\"https:\/\/www.tenutalaviola.it\/wineshop\/index.php\/product\/frangipane-x-6\/#primaryimage\"},\"image\":{\"@id\":\"https:\/\/www.tenutalaviola.it\/wineshop\/index.php\/product\/frangipane-x-6\/#primaryimage\"},\"thumbnailUrl\":\"https:\/\/www.tenutalaviola.it\/wineshop\/wp-content\/uploads\/2020\/04\/Frangipane450x450.jpg\",\"datePublished\":\"2020-04-09T20:51:40+00:00\",\"dateModified\":\"2026-03-25T21:15:43+00:00\",\"description\":\"Questo vino \u00e8 per noi un ritorno al passato quando l\u2019Albana era il principale vitigno vinificato in azienda.\u00a0 Il nome Frangipane si riferisce alla omonima Contessa di Bertinoro Aldruda Frangipane di cui si ricorda la sua eroica partecipazione alla difesa di Ancona assediata dalle truppe imperiali germaniche.\",\"breadcrumb\":{\"@id\":\"https:\/\/www.tenutalaviola.it\/wineshop\/index.php\/product\/frangipane-x-6\/#breadcrumb\"},\"inLanguage\":\"it-IT\",\"potentialAction\":[{\"@type\":\"ReadAction\",\"target\":[\"https:\/\/www.tenutalaviola.it\/wineshop\/index.php\/product\/frangipane-x-6\/\"]}]},{\"@type\":\"ImageObject\",\"inLanguage\":\"it-IT\",\"@id\":\"https:\/\/www.tenutalaviola.it\/wineshop\/index.php\/product\/frangipane-x-6\/#primaryimage\",\"url\":\"https:\/\/www.tenutalaviola.it\/wineshop\/wp-content\/uploads\/2020\/04\/Frangipane450x450.jpg\",\"contentUrl\":\"https:\/\/www.tenutalaviola.it\/wineshop\/wp-content\/uploads\/2020\/04\/Frangipane450x450.jpg\",\"width\":1176,\"height\":1414},{\"@type\":\"BreadcrumbList\",\"@id\":\"https:\/\/www.tenutalaviola.it\/wineshop\/index.php\/product\/frangipane-x-6\/#breadcrumb\",\"itemListElement\":[{\"@type\":\"ListItem\",\"position\":1,\"name\":\"Home\",\"item\":\"https:\/\/www.tenutalaviola.it\/wineshop\/\"},{\"@type\":\"ListItem\",\"position\":2,\"name\":\"Enoteca on line\",\"item\":\"https:\/\/www.tenutalaviola.it\/wineshop\/\"},{\"@type\":\"ListItem\",\"position\":3,\"name\":\"Frangipane x 6\"}]},{\"@type\":\"WebSite\",\"@id\":\"https:\/\/www.tenutalaviola.it\/wineshop\/#website\",\"url\":\"https:\/\/www.tenutalaviola.it\/wineshop\/\",\"name\":\"Tenuta La Viola\",\"description\":\"The Italian Sangiovese wine producer\",\"potentialAction\":[{\"@type\":\"SearchAction\",\"target\":{\"@type\":\"EntryPoint\",\"urlTemplate\":\"https:\/\/www.tenutalaviola.it\/wineshop\/?s={search_term_string}\"},\"query-input\":{\"@type\":\"PropertyValueSpecification\",\"valueRequired\":true,\"valueName\":\"search_term_string\"}}],\"inLanguage\":\"it-IT\"}]}<\/script>\r\n<!-- \/ Yoast SEO plugin. -->","yoast_head_json":{"title":"Frangipane x 6 - Tenuta La Viola","description":"Questo vino \u00e8 per noi un ritorno al passato quando l\u2019Albana era il principale vitigno vinificato in azienda.\u00a0 Il nome Frangipane si riferisce alla omonima Contessa di Bertinoro Aldruda Frangipane di cui si ricorda la sua eroica partecipazione alla difesa di Ancona assediata dalle truppe imperiali germaniche.","robots":{"index":"index","follow":"follow","max-snippet":"max-snippet:-1","max-image-preview":"max-image-preview:large","max-video-preview":"max-video-preview:-1"},"canonical":"https:\/\/www.tenutalaviola.it\/wineshop\/index.php\/product\/frangipane-x-6\/","og_locale":"it_IT","og_type":"article","og_title":"Frangipane x 6 - Tenuta La Viola","og_description":"Questo vino \u00e8 per noi un ritorno al passato quando l\u2019Albana era il principale vitigno vinificato in azienda.\u00a0 Il nome Frangipane si riferisce alla omonima Contessa di Bertinoro Aldruda Frangipane di cui si ricorda la sua eroica partecipazione alla difesa di Ancona assediata dalle truppe imperiali germaniche.","og_url":"https:\/\/www.tenutalaviola.it\/wineshop\/index.php\/product\/frangipane-x-6\/","og_site_name":"Tenuta La Viola","article_publisher":"https:\/\/www.facebook.com\/tenutalaviola\/","article_modified_time":"2026-03-25T21:15:43+00:00","og_image":[{"width":1176,"height":1414,"url":"https:\/\/www.tenutalaviola.it\/wineshop\/wp-content\/uploads\/2020\/04\/Frangipane450x450.jpg","type":"image\/jpeg"}],"twitter_card":"summary_large_image","twitter_site":"@tenutalaviola","twitter_misc":{"Tempo di lettura stimato":"2 minuti"},"schema":{"@context":"https:\/\/schema.org","@graph":[{"@type":"WebPage","@id":"https:\/\/www.tenutalaviola.it\/wineshop\/index.php\/product\/frangipane-x-6\/","url":"https:\/\/www.tenutalaviola.it\/wineshop\/index.php\/product\/frangipane-x-6\/","name":"Frangipane x 6 - Tenuta La Viola","isPartOf":{"@id":"https:\/\/www.tenutalaviola.it\/wineshop\/#website"},"primaryImageOfPage":{"@id":"https:\/\/www.tenutalaviola.it\/wineshop\/index.php\/product\/frangipane-x-6\/#primaryimage"},"image":{"@id":"https:\/\/www.tenutalaviola.it\/wineshop\/index.php\/product\/frangipane-x-6\/#primaryimage"},"thumbnailUrl":"https:\/\/www.tenutalaviola.it\/wineshop\/wp-content\/uploads\/2020\/04\/Frangipane450x450.jpg","datePublished":"2020-04-09T20:51:40+00:00","dateModified":"2026-03-25T21:15:43+00:00","description":"Questo vino \u00e8 per noi un ritorno al passato quando l\u2019Albana era il principale vitigno vinificato in azienda.\u00a0 Il nome Frangipane si riferisce alla omonima Contessa di Bertinoro Aldruda Frangipane di cui si ricorda la sua eroica partecipazione alla difesa di Ancona assediata dalle truppe imperiali germaniche.","breadcrumb":{"@id":"https:\/\/www.tenutalaviola.it\/wineshop\/index.php\/product\/frangipane-x-6\/#breadcrumb"},"inLanguage":"it-IT","potentialAction":[{"@type":"ReadAction","target":["https:\/\/www.tenutalaviola.it\/wineshop\/index.php\/product\/frangipane-x-6\/"]}]},{"@type":"ImageObject","inLanguage":"it-IT","@id":"https:\/\/www.tenutalaviola.it\/wineshop\/index.php\/product\/frangipane-x-6\/#primaryimage","url":"https:\/\/www.tenutalaviola.it\/wineshop\/wp-content\/uploads\/2020\/04\/Frangipane450x450.jpg","contentUrl":"https:\/\/www.tenutalaviola.it\/wineshop\/wp-content\/uploads\/2020\/04\/Frangipane450x450.jpg","width":1176,"height":1414},{"@type":"BreadcrumbList","@id":"https:\/\/www.tenutalaviola.it\/wineshop\/index.php\/product\/frangipane-x-6\/#breadcrumb","itemListElement":[{"@type":"ListItem","position":1,"name":"Home","item":"https:\/\/www.tenutalaviola.it\/wineshop\/"},{"@type":"ListItem","position":2,"name":"Enoteca on line","item":"https:\/\/www.tenutalaviola.it\/wineshop\/"},{"@type":"ListItem","position":3,"name":"Frangipane x 6"}]},{"@type":"WebSite","@id":"https:\/\/www.tenutalaviola.it\/wineshop\/#website","url":"https:\/\/www.tenutalaviola.it\/wineshop\/","name":"Tenuta La Viola","description":"The Italian Sangiovese wine producer","potentialAction":[{"@type":"SearchAction","target":{"@type":"EntryPoint","urlTemplate":"https:\/\/www.tenutalaviola.it\/wineshop\/?s={search_term_string}"},"query-input":{"@type":"PropertyValueSpecification","valueRequired":true,"valueName":"search_term_string"}}],"inLanguage":"it-IT"}]}},"jetpack_sharing_enabled":true,"_links":{"self":[{"href":"https:\/\/www.tenutalaviola.it\/wineshop\/index.php\/wp-json\/wp\/v2\/product\/10","targetHints":{"allow":["GET"]}}],"collection":[{"href":"https:\/\/www.tenutalaviola.it\/wineshop\/index.php\/wp-json\/wp\/v2\/product"}],"about":[{"href":"https:\/\/www.tenutalaviola.it\/wineshop\/index.php\/wp-json\/wp\/v2\/types\/product"}],"replies":[{"embeddable":true,"href":"https:\/\/www.tenutalaviola.it\/wineshop\/index.php\/wp-json\/wp\/v2\/comments?post=10"}],"wp:featuredmedia":[{"embeddable":true,"href":"https:\/\/www.tenutalaviola.it\/wineshop\/index.php\/wp-json\/wp\/v2\/media\/76"}],"wp:attachment":[{"href":"https:\/\/www.tenutalaviola.it\/wineshop\/index.php\/wp-json\/wp\/v2\/media?parent=10"}],"wp:term":[{"taxonomy":"product_brand","embeddable":true,"href":"https:\/\/www.tenutalaviola.it\/wineshop\/index.php\/wp-json\/wp\/v2\/product_brand?post=10"},{"taxonomy":"product_cat","embeddable":true,"href":"https:\/\/www.tenutalaviola.it\/wineshop\/index.php\/wp-json\/wp\/v2\/product_cat?post=10"},{"taxonomy":"product_tag","embeddable":true,"href":"https:\/\/www.tenutalaviola.it\/wineshop\/index.php\/wp-json\/wp\/v2\/product_tag?post=10"}],"curies":[{"name":"wp","href":"https:\/\/api.w.org\/{rel}","templated":true}]}}